 = 20*a. What is the units digit of a?
4
What is the thousands digit of 7 + (-13209)/7*-1?
1
Suppose 0 = -24*f + 5*f - 532. Let p(s) = -s**3 - 5*s**2 + 2*s - 3. Let d be p(-5). Let m = d - f. What is the tens digit of m?
1
Let b(m) = -m**2 + 9*m - 12. Let r be b(9). Let d be r/36 - 16/(-3). Suppose h = d*h - 184. What is the units digit of h?
6
Let c(y) = -2*y**2 - 19*y + 18. Let z be c(-10). Let n(h) = 16*h - 6. What is the hundreds digit of n(z)?
1
What is the hundreds digit of (-194498)/(-237) - 1/(-3)?
8
Let x(q) = 129*q + 1. Let d(s) = 65*s. Let c(n) = -5*d(n) + 2*x(n). What is the tens digit of c(-1)?
6
Let s = 8 + -13. Let u(q) be the first derivative of q**3/3 - 3*q**2/2 - 4*q - 4. What is the units digit of u(s)?
6
Let m be (15/9)/(20/72). Suppose -m*x + 144 = 3*x. What is the tens digit of x?
1
What is the thousands digit of -3 + (-3744)/(-6 - -3) - 6?
1
Suppose 152 = -2*w + 5*g, 0*g = w - 2*g + 78. What is the units digit of 2/(10/473) + w/(-215)?
5
Let s(b) = -b**2 - 8*b - 12. Let d be s(-5). Let p be 0 - d - (11 - 16). Suppose -6*j + p*j = -84. What is the units digit of j?
1
Suppose -94 = -3*t + 284. What is the tens digit of t?
2
Suppose -134*g + 130*g + 5642 = -2*r, 0 = -2*g + 4*r + 2818. What is the thousands digit of g?
1
What is the units digit of (1 - -4707)/(-46 - -48)?
4
Let t(d) = -d**3 - 2*d**2 + d + 5. Let v be t(0). Suppose 2*q - 613 = -2*q + v*a, 5*q + 2*a = 725. What is the units digit of q?
7
Let w(k) = -k - 5. Let g be w(-3). Let o = g - -5. Suppose o*f - 54 = -5*l, -3*l + 30 = f - 0*f. What is the units digit of l?
9
Let p(c) be the second derivative of c**4/12 + 7*c**3/3 - 15*c**2/2 - 12*c. What is the units digit of p(-16)?
7
Let y = 12591 + -8274. What is the hundreds digit of y?
3
Suppose -3*n + 21*n = 42750. What is the hundreds digit of n?
3
Suppose -1349 = -5*q - 84. What is the tens digit of q?
5
Let v(g) = g**3 - 8*g**2 + 9. Let t = -24 - -28. Let h be (-4)/(-8)*8 + t. What is the units digit of v(h)?
9
Let c = -9 + 15. Suppose -3*s + 0*s = 3*i - c, -s + 8 = -5*i. Suppose -5 + s = -2*r. What is the units digit of r?
1
Let u = -2316 + 4432. What is the hundreds digit of u?
1
Let t(i) = 107*i - 42. What is the hundreds digit of t(16)?
6
Suppose -5*u = 3*i - 8*u - 2211, 3*i = -4*u + 2190. What is the hundreds digit of i?
7
Let o(g) = 4*g**2 - 6*g + 137. What is the hundreds digit of o(-18)?
5
Suppose 0 = -6*x + 1022 - 254. Let m = -72 + x. What is the tens digit of m?
5
Let k = -24 + 27. Suppose -z + 168 = k*z. What is the units digit of z?
2
Let l(g) = 4*g**2 - 76*g - 33. What is the thousands digit of l(-21)?
3
What is the tens digit of (-13)/((-182)/1712) + 4/(-14)?
2
Suppose -y = 5*h - 1883, -y - 97 = -4*h + 1404. What is the tens digit of h?
7
Suppose 4*n - 716 - 60 = 0. What is the units digit of n?
4
Suppose s + 2*q = 5*s - 1196, -5*s = 5*q - 1525. What is the hundreds digit of s?
3
Suppose 603 = -7*r + 4*r. What is the units digit of -2 - (r + 3 + -4*1)?
0
Suppose -4*l + 1577 = 5*j, -2*j + 4*j + 3*l = 628. Suppose 50 = -3*b + j. What is the units digit of b?
9
Suppose 0 = -3*x - 2*k + 3, 0 = 3*x + 3*k + k + 3. Suppose 0 = 3*g - 3*b - 555, -2*g + x*b = -7*g + 957. What is the tens digit of g?
8
Let p(u) be the second derivative of -1/20*u**5 - u**4 + 4*u + u**2 - 1/6*u**3 + 0. What is the units digit of p(-12)?
4
Suppose 0 = 2*y + 2*y + 3*c - 229, 2*y = 4*c + 142. What is the units digit of y?
1
Let g be (2/4)/((-2)/(-16)). Suppose 2*a + 2*s - 2 = 2, -2*s = -g*a - 4. Suppose a = -5*z - 0*z + 25. What is the units digit of z?
5
Suppose 4*x + 2 = 3*s - 12, x = -3*s + 4. Suppose s*z = 3*z - 7. Suppose 4*p + 2*t - 96 = 0, z*p + 3*t - 78 = 4*p. What is the units digit of p?
2
Let b = 328 - -117. What is the tens digit of b?
4
Let d be (-6 - -6) + (-4)/(-2). Suppose i + 50 = 3*i - 4*v, 38 = d*i + 2*v. Suppose 3*r - i = 6. What is the units digit of r?
9
Suppose 0 = 2*w - 5*w + 258. What is the units digit of 5 + -9 + 3 + (w - 1)?
4
Let r(u) = u**3 - 13*u**2 - 11*u + 185. What is the hundreds digit of r(18)?
6
Suppose 0*q - q + 3 = -3*l, 0 = -3*l + 3. Suppose 0 = 2*y + j - 26, -5*y + 2*j + 68 = q*j. Let r = 17 - y. What is the units digit of r?
5
Let a be (-1 + 2)/((-5 + 4)*1). What is the units digit of ((-393)/(-5))/3 - a/(-5)?
6
Let m be -10*(-4)/((-24)/(-33)). Let g = 93 - m. What is the units digit of g?
8
Let m(c) = -c**3 - 2*c**2 - 2*c - 2. Let t be m(-2). Suppose -t*g - 72 = -4*y, -2*g + 2*y + 42 = -4*g. What is the units digit of g/91 + 93/7?
3
Let d = -10 + 13. Suppose -d = -3*y + 2*y. Suppose 0 = v + y*v - 104. What is the tens digit of v?
2
What is the thousands digit of 3/((-99)/(-2)) + (-35256516)/(-9108)?
3
Let i(w) = w - 2. Let t be i(7). Suppose 20 = t*x - 5*j, -4*x - 2*j + 0 = -22. Suppose 3*z = 2*q - 92 + 9, 218 = x*q - 4*z. What is the units digit of q?
6
Suppose -5*k + 2*d + 330 = 1649, d + 524 = -2*k. Let y = 429 + k. What is the hundreds digit of y?
1
Suppose 4*t + 5*w = 181 - 38, -w = 2*t - 79. What is the units digit of (-7 + 1)*t/(-7)?
6
Let g be -2 + 6 + -1 - 4. What is the units digit of (-18 - -14)*(-3 - g)?
8
Let u = -2 + 2. Let s = 42 - 12. What is the tens digit of s*8/12 - u?
2
Let u(z) = 35*z + 23. What is the hundreds digit of u(3)?
1
Let w = -921 - -1353. What is the units digit of w?
2
Let o(y) = -y**3 + 5*y**2 + 7*y - 3. Let j be o(6). Let q be 1 + (-3)/((-12)/8). What is the units digit of (3 - q) + 12/j?
4
Suppose 3 = -2*h + 7. Suppose -271 = -h*s - w, 5*s + 3*w = 999 - 319. What is the tens digit of s?
3
Suppose -4*k = 0, -4*k = -3*x - 6*k + 15. Suppose -3*o + 649 = -5*g, o + 852 = x*o - 4*g. What is the tens digit of o?
0
Let m = -1507 + 2266. What is the hundreds digit of m?
7
Let y = 164 - 272. Let t = y - -182. What is the tens digit of t?
7
Let u = -2 + -15. Suppose 7 = 3*c + 19. Let a = c - u. What is the units digit of a?
3
Suppose -5*k = -k + 4*i + 220, -k - 2*i = 58. Let y = k + 243. What is the units digit of y?
1
Suppose -7*o + 4*o - 132 = 3*b, 15 = -5*b. Let z = 98 - o. What is the units digit of z?
9
Let r(j) = -j**3 - j**2 - j - 1. Let u be r(0). Let y = 4 - u. Suppose -2*i + y + 11 = 3*x, 2*i = 5*x. What is the units digit of x?
2
Let a = -32 - -30. What is the tens digit of ((-6 - -8) + 3/a)*68?
3
What is the units digit of 3 + 7 + -8 + 593?
5
Suppose -12*c = -13*c - 2*y + 439, 2*c - y = 888. What is the units digit of c?
3
Let q = 2201 - 1197. Suppose -5*o - l + q = 0, 0*l = 4*l + 4. Let k = o + -126. What is the units digit of k?
5
What is the tens digit of ((-5054)/(-21))/((-1)/(-6))?
4
Let k = 40 - 38. Suppose -k*m = 28 - 108. What is the tens digit of m?
4
Suppose 6*h - 1830 = -36. What is the tens digit of h?
9
Suppose -3*x - 4 = 2*n + 4, 0 = 3*n + 5*x + 14. Suppose -n*i + 3*k + 21 + 26 = 0, 5*i = -k + 109. What is the units digit of i?
2
Suppose -4316 = -5*u + 1594. Suppose 4*y - 929 - 647 = -4*f, -3*y = 5*f - u. What is the tens digit of (-2)/(-11) - y/(-11)?
3
Suppose d - 194 - 944 = -2*n, 0 = 2*d + 5*n - 2274. What is the units digit of d?
2
Let z = 380 + -351. What is the units digit of z?
9
What is the thousands digit of 1091 - 1/((-8)/(-48))?
1
Suppose 3*g + 1 - 10 = 0. Let j = -169 + 172. Suppose -n - g = 4*y - 7, 2*y + j*n = -8. What is the units digit of y?
2
Let c(u) = -u**3 + 26*u**2 + 31*u + 17. Let z be c(27). What is the units digit of 6/15 + 5/(z/15)?
1
Let w(c) = -c - 5. Let q be w(-8). Let k(n) be the first derivative of n**3 - 3*n**2/2 + n - 4. What is the units digit of k(q)?
9
Suppose 3*g = 4*h - 2636 + 10905, -4*g + 11022 = -2*h. What is the units digit of g?
5
Let f = 219 + 34. Let w be 4/2 + f + -3. What is the units digit of w/48 + 6/8?
6
Let m = -12 + 8. Let l(u) = -u**2 - 10*u + 4. What is the units digit of l(m)?
8
Let q = 106 + -101. Suppose -351 = -q*v - 2*m, v + 8*m - 81 = 4*m. What is the units digit of v?
9
Suppose -5*m = -j + 29, 6 = j - m - 3. Suppose w - 7 = -4. Suppose 0 = j*c + 8, -c - 37 = -w*f - 2. What is the units digit of f?
1
Let q(x) = x**2 - 5*x - 92. What is the tens digit of q(41)?
8
Suppose -d + 3*d - r - 5439 = 0, 0 = -3*d - r + 8151. What is the hundreds digit of d?
7
Suppose 4458 = 2*u - p - 1197, 3*u = -5*p + 8450. What is the thousands digit of u?
2
Suppose 2*f + 4*o - 3146 = 0, o = 3*f 